[INFO] cloning repository https://github.com/gadomski/tce
[INFO] running `Command { std: "git" "-c" "credential.helper=" "-c" "credential.helper=/workspace/cargo-home/bin/git-credential-null" "clone" "--bare" "https://github.com/gadomski/tce" "/workspace/cache/git-repos/https%3A%2F%2Fgithub.com%2Fgadomski%2Ftce", kill_on_drop: false }`
[INFO] [stderr] Cloning into bare repository '/workspace/cache/git-repos/https%3A%2F%2Fgithub.com%2Fgadomski%2Ftce'...
[INFO] running `Command { std: "git" "rev-parse" "HEAD", kill_on_drop: false }`
[INFO] [stdout] caeecd8eaad095989a917f0884eea0e305cacbd9
[INFO] checking gadomski/tce against master#af3c6e733a40e671550e0f0f5aeecaa13772ba56 for pr-74989
[INFO] running `Command { std: "git" "clone" "/workspace/cache/git-repos/https%3A%2F%2Fgithub.com%2Fgadomski%2Ftce" "/workspace/builds/worker-12/source", kill_on_drop: false }`
[INFO] [stderr] Cloning into '/workspace/builds/worker-12/source'...
[INFO] [stderr] done.
[INFO] validating manifest of git repo https://github.com/gadomski/tce on toolchain af3c6e733a40e671550e0f0f5aeecaa13772ba56
[INFO] running `Command { std: "/workspace/cargo-home/bin/cargo" "+af3c6e733a40e671550e0f0f5aeecaa13772ba56" "read-manifest" "--manifest-path" "Cargo.toml", kill_on_drop: false }`
[INFO] started tweaking git repo https://github.com/gadomski/tce
[INFO] finished tweaking git repo https://github.com/gadomski/tce
[INFO] tweaked toml for git repo https://github.com/gadomski/tce written to /workspace/builds/worker-12/source/Cargo.toml
[INFO] crate git repo https://github.com/gadomski/tce already has a lockfile, it will not be regenerated
[INFO] running `Command { std: "/workspace/cargo-home/bin/cargo" "+af3c6e733a40e671550e0f0f5aeecaa13772ba56" "fetch" "--locked" "--manifest-path" "Cargo.toml", kill_on_drop: false }`
[INFO] [stderr]     Blocking waiting for file lock on package cache
[INFO] running `Command { std: "docker" "create" "-v" "/var/lib/crater-agent-workspace/builds/worker-12/target:/opt/rustwide/target:rw,Z" "-v" "/var/lib/crater-agent-workspace/builds/worker-12/source:/opt/rustwide/workdir:ro,Z" "-v" "/var/lib/crater-agent-workspace/cargo-home:/opt/rustwide/cargo-home:ro,Z" "-v" "/var/lib/crater-agent-workspace/rustup-home:/opt/rustwide/rustup-home:ro,Z" "-e" "SOURCE_DIR=/opt/rustwide/workdir" "-e" "CARGO_TARGET_DIR=/opt/rustwide/target" "-e" "CARGO_HOME=/opt/rustwide/cargo-home" "-e" "RUSTUP_HOME=/opt/rustwide/rustup-home" "-w" "/opt/rustwide/workdir" "-m" "1610612736" "--user" "0:0" "--network" "none" "rustops/crates-build-env@sha256:d92eaeed33fa75130ca1ee6c8a01d1ffb62bac859dfdfb3450e3e5d1c0146529" "/opt/rustwide/cargo-home/bin/cargo" "+af3c6e733a40e671550e0f0f5aeecaa13772ba56" "metadata" "--no-deps" "--format-version=1", kill_on_drop: false }`
[INFO] [stderr] WARNING: Your kernel does not support swap limit capabilities or the cgroup is not mounted. Memory limited without swap.
[INFO] [stdout] 968a89b0d4aaa648f0548184b56d359cc14fb6e6348bd7241d13b1ff23503c1b
[INFO] running `Command { std: "docker" "start" "-a" "968a89b0d4aaa648f0548184b56d359cc14fb6e6348bd7241d13b1ff23503c1b", kill_on_drop: false }`
[INFO] running `Command { std: "docker" "inspect" "968a89b0d4aaa648f0548184b56d359cc14fb6e6348bd7241d13b1ff23503c1b", kill_on_drop: false }`
[INFO] running `Command { std: "docker" "rm" "-f" "968a89b0d4aaa648f0548184b56d359cc14fb6e6348bd7241d13b1ff23503c1b", kill_on_drop: false }`
[INFO] [stdout] 968a89b0d4aaa648f0548184b56d359cc14fb6e6348bd7241d13b1ff23503c1b
[INFO] running `Command { std: "docker" "create" "-v" "/var/lib/crater-agent-workspace/builds/worker-12/target:/opt/rustwide/target:rw,Z" "-v" "/var/lib/crater-agent-workspace/builds/worker-12/source:/opt/rustwide/workdir:ro,Z" "-v" "/var/lib/crater-agent-workspace/cargo-home:/opt/rustwide/cargo-home:ro,Z" "-v" "/var/lib/crater-agent-workspace/rustup-home:/opt/rustwide/rustup-home:ro,Z" "-e" "SOURCE_DIR=/opt/rustwide/workdir" "-e" "CARGO_TARGET_DIR=/opt/rustwide/target" "-e" "CARGO_INCREMENTAL=0" "-e" "RUST_BACKTRACE=full" "-e" "RUSTFLAGS=--cap-lints=forbid" "-e" "CARGO_HOME=/opt/rustwide/cargo-home" "-e" "RUSTUP_HOME=/opt/rustwide/rustup-home" "-w" "/opt/rustwide/workdir" "-m" "1610612736" "--user" "0:0" "--network" "none" "rustops/crates-build-env@sha256:d92eaeed33fa75130ca1ee6c8a01d1ffb62bac859dfdfb3450e3e5d1c0146529" "/opt/rustwide/cargo-home/bin/cargo" "+af3c6e733a40e671550e0f0f5aeecaa13772ba56" "check" "--frozen" "--all" "--all-targets" "--message-format=json", kill_on_drop: false }`
[INFO] [stderr] WARNING: Your kernel does not support swap limit capabilities or the cgroup is not mounted. Memory limited without swap.
[INFO] [stdout] e77750d738c33716c072f83db842141239959c8dfb90587057205a645d49a93d
[INFO] running `Command { std: "docker" "start" "-a" "e77750d738c33716c072f83db842141239959c8dfb90587057205a645d49a93d", kill_on_drop: false }`
[INFO] [stderr]    Compiling lazy_static v0.2.9
[INFO] [stderr]     Checking libc v0.2.33
[INFO] [stderr]     Checking num-traits v0.1.40
[INFO] [stderr]    Compiling void v1.0.2
[INFO] [stderr]    Compiling glob v0.2.11
[INFO] [stderr]    Compiling libloading v0.4.2
[INFO] [stderr]    Compiling utf8-ranges v1.0.0
[INFO] [stderr]     Checking rustc-serialize v0.3.24
[INFO] [stderr]    Compiling yaml-rust v0.3.5
[INFO] [stderr]     Checking serde v1.0.16
[INFO] [stderr]     Checking approx v0.1.1
[INFO] [stderr]     Checking bitflags v0.9.1
[INFO] [stderr]     Checking nodrop v0.1.12
[INFO] [stderr]     Checking log v0.3.8
[INFO] [stderr]     Checking byteorder v1.1.0
[INFO] [stderr]     Checking text_io v0.1.6
[INFO] [stderr]    Compiling syntex_pos v0.58.1
[INFO] [stderr]    Compiling memchr v1.0.2
[INFO] [stderr]    Compiling atty v0.2.3
[INFO] [stderr]    Compiling textwrap v0.9.0
[INFO] [stderr]    Compiling which v1.0.3
[INFO] [stderr]    Compiling rand v0.3.17
[INFO] [stderr]    Compiling phf_shared v0.7.21
[INFO] [stderr]    Compiling matrixmultiply v0.1.14
[INFO] [stderr]    Compiling unreachable v1.0.0
[INFO] [stderr]     Checking xml-rs v0.6.1
[INFO] [stderr]    Compiling aho-corasick v0.6.3
[INFO] [stderr]    Compiling nom v3.2.1
[INFO] [stderr]    Compiling syn v0.11.11
[INFO] [stderr]    Compiling thread_local v0.3.4
[INFO] [stderr]    Compiling syntex_errors v0.58.1
[INFO] [stderr]    Compiling clap v2.27.1
[INFO] [stderr]     Checking generic-array v0.8.3
[INFO] [stderr]     Checking time v0.1.38
[INFO] [stderr]     Checking num-integer v0.1.35
[INFO] [stderr]    Compiling regex v0.2.2
[INFO] [stderr]    Compiling clang-sys v0.19.0
[INFO] [stderr]     Checking xmltree v0.6.1
[INFO] [stderr]     Checking num-iter v0.1.34
[INFO] [stderr]    Compiling phf_generator v0.7.21
[INFO] [stderr]    Compiling phf_codegen v0.7.21
[INFO] [stderr]    Compiling syntex_syntax v0.58.1
[INFO] [stderr]    Compiling palette v0.2.1
[INFO] [stderr]    Compiling cexpr v0.2.2
[INFO] [stderr]    Compiling serde_derive_internals v0.16.0
[INFO] [stdout] error[E0423]: expected function, tuple struct or tuple variant, found struct `ast::Name`
[INFO] [stdout]    --> /opt/rustwide/cargo-home/registry/src/github.com-1ecc6299db9ec823/syntex_syntax-0.58.1/src/symbol.rs:146:27
[INFO] [stdout]     |
[INFO] [stdout] 146 |                       name: ast::Name($index),
[INFO] [stdout]     |                             ^^^^^^^^^
[INFO] [stdout] ...
[INFO] [stdout] 165 | / declare_keywords! {
[INFO] [stdout] 166 | |     // Invalid identifier
[INFO] [stdout] 167 | |     (0,  Invalid,        "")
[INFO] [stdout] 168 | |
[INFO] [stdout] ...   |
[INFO] [stdout] 231 | |     (56, CrateRoot, "{{root}}")
[INFO] [stdout] 232 | | }
[INFO] [stdout]     | |_- in this macro invocation
[INFO] [stdout]     |
[INFO] [stdout]     = note: this error originates in a macro (in Nightly builds, run with -Z macro-backtrace for more info)
[INFO] [stdout] 
[INFO] [stdout] 
[INFO] [stderr]    Compiling env_logger v0.4.3
[INFO] [stderr]     Checking num-complex v0.1.40
[INFO] [stderr]     Checking num-bigint v0.1.40
[INFO] [stderr]    Compiling serde_derive v1.0.16
[INFO] [stderr]     Checking alga v0.5.2
[INFO] [stderr]     Checking num-rational v0.1.39
[INFO] [stderr]     Checking num v0.1.40
[INFO] [stderr]     Checking serde_json v1.0.5
[INFO] [stderr]     Checking toml v0.4.5
[INFO] [stderr]     Checking chrono v0.4.0
[INFO] [stderr]     Checking las v0.5.2 (https://github.com/gadomski/las-rs#84a1159e)
[INFO] [stderr]     Checking nalgebra v0.13.1
[INFO] [stdout] error: aborting due to previous error
[INFO] [stdout] 
[INFO] [stdout] 
[INFO] [stdout] For more information about this error, try `rustc --explain E0423`.
[INFO] [stdout] 
[INFO] [stderr] error: could not compile `syntex_syntax`.
[INFO] [stderr] 
[INFO] [stderr] To learn more, run the command again with --verbose.
[INFO] [stderr] warning: build failed, waiting for other jobs to finish...
[INFO] [stdout] error[E0119]: conflicting implementations of trait `std::ops::Mul<&_>` for type `geometry::translation::Translation<_, _>`:
[INFO] [stdout]    --> /opt/rustwide/cargo-home/registry/src/github.com-1ecc6299db9ec823/nalgebra-0.13.1/src/geometry/isometry_ops.rs:67:9
[INFO] [stdout]     |
[INFO] [stdout] 67  | /         impl<$($lives ,)* N: Real, D: DimName, R> $Op<$Rhs> for $Lhs
[INFO] [stdout] 68  | |             where R: AlgaRotation<Point<N, D>>,
[INFO] [stdout] 69  | |                   DefaultAllocator: Allocator<N, D> {
[INFO] [stdout] 70  | |             type Output = $Output;
[INFO] [stdout] ...   |
[INFO] [stdout] 75  | |             }
[INFO] [stdout] 76  | |         }
[INFO] [stdout]     | |         ^
[INFO] [stdout]     | |         |
[INFO] [stdout]     | |_________first implementation here
[INFO] [stdout]     |           conflicting implementation for `geometry::translation::Translation<_, _>`
[INFO] [stdout] ...
[INFO] [stdout] 281 | / isometry_binop_impl_all!(
[INFO] [stdout] 282 | |     Mul, mul;
[INFO] [stdout] 283 | |     self: Translation<N, D>, right: R, Output = Isometry<N, D, R>;
[INFO] [stdout] 284 | |     [val val] => Isometry::from_parts(self, right);
[INFO] [stdout] ...   |
[INFO] [stdout] 287 | |     [ref ref] => Isometry::from_parts(self.clone(), right.clone());
[INFO] [stdout] 288 | | );
[INFO] [stdout]     | |__- in this macro invocation
[INFO] [stdout]     |
[INFO] [stdout]     = note: downstream crates may implement trait `alga::linear::Rotation<geometry::point::Point<_, _>>` for type `&_`
[INFO] [stdout]     = note: this error originates in a macro (in Nightly builds, run with -Z macro-backtrace for more info)
[INFO] [stdout] 
[INFO] [stdout] 
[INFO] [stdout] error[E0119]: conflicting implementations of trait `std::ops::Mul<&_>` for type `&geometry::translation::Translation<_, _>`:
[INFO] [stdout]    --> /opt/rustwide/cargo-home/registry/src/github.com-1ecc6299db9ec823/nalgebra-0.13.1/src/geometry/isometry_ops.rs:67:9
[INFO] [stdout]     |
[INFO] [stdout] 67  | /         impl<$($lives ,)* N: Real, D: DimName, R> $Op<$Rhs> for $Lhs
[INFO] [stdout] 68  | |             where R: AlgaRotation<Point<N, D>>,
[INFO] [stdout] 69  | |                   DefaultAllocator: Allocator<N, D> {
[INFO] [stdout] 70  | |             type Output = $Output;
[INFO] [stdout] ...   |
[INFO] [stdout] 75  | |             }
[INFO] [stdout] 76  | |         }
[INFO] [stdout]     | |         ^
[INFO] [stdout]     | |         |
[INFO] [stdout]     | |_________first implementation here
[INFO] [stdout]     |           conflicting implementation for `&geometry::translation::Translation<_, _>`
[INFO] [stdout] ...
[INFO] [stdout] 281 | / isometry_binop_impl_all!(
[INFO] [stdout] 282 | |     Mul, mul;
[INFO] [stdout] 283 | |     self: Translation<N, D>, right: R, Output = Isometry<N, D, R>;
[INFO] [stdout] 284 | |     [val val] => Isometry::from_parts(self, right);
[INFO] [stdout] ...   |
[INFO] [stdout] 287 | |     [ref ref] => Isometry::from_parts(self.clone(), right.clone());
[INFO] [stdout] 288 | | );
[INFO] [stdout]     | |__- in this macro invocation
[INFO] [stdout]     |
[INFO] [stdout]     = note: downstream crates may implement trait `alga::linear::Rotation<geometry::point::Point<_, _>>` for type `&_`
[INFO] [stdout]     = note: this error originates in a macro (in Nightly builds, run with -Z macro-backtrace for more info)
[INFO] [stdout] 
[INFO] [stdout] 
[INFO] [stdout] error: aborting due to 2 previous errors
[INFO] [stdout] 
[INFO] [stdout] 
[INFO] [stdout] For more information about this error, try `rustc --explain E0119`.
[INFO] [stdout] 
[INFO] [stderr] error: build failed
[INFO] running `Command { std: "docker" "inspect" "e77750d738c33716c072f83db842141239959c8dfb90587057205a645d49a93d", kill_on_drop: false }`
[INFO] running `Command { std: "docker" "rm" "-f" "e77750d738c33716c072f83db842141239959c8dfb90587057205a645d49a93d", kill_on_drop: false }`
[INFO] [stdout] e77750d738c33716c072f83db842141239959c8dfb90587057205a645d49a93d
